9
Suppose 17 + 4 = s. Let i = s - 6. Suppose -y - 4*y = -i. Calculate the remainder when 14 is divided by y.
2
What is the remainder when 447 is divided by 39984/624 + 1/26*-2?
63
Suppose 0*q - 246 = -4*h + q, 0 = -q + 2. Suppose p + p - h = 0. Suppose -85 = -3*k - p. Calculate the remainder when k is divided by 7.
4
Suppose -4*v - 4*w - 3 = 5, -2*v + 2 = -w. Let a = v + 4. Calculate the remainder when 11 is divided by a.
3
Calculate the remainder when 150 is divided by 6*((-693)/(-6))/21.
18
Suppose -4*q + 64 = 3*b, 24 - 4 = 5*q. Suppose 0 = -4*h + 7 + 1. Suppose a = 2*o - 63, 2*o + o = h*a + 97. Calculate the remainder when o is divided by b.
13
Suppose -1 = 3*t - j + 6*j, -3*t - 8 = -2*j. Let x be (-3)/3 - (t + 2). What is the remainder when 3 + x + (47 - 3) is divided by 16?
14
Let f = 1969 - 1839. What is the remainder when f is divided by 15?
10
Let d = 178 - 90. Let m = -53 + d. What is the remainder when m is divided by 13?
9
Suppose -781 - 266 = -3*x. Calculate the remainder when x is divided by 25.
24
Suppose 0 = -6*r + 2*r + 3*c + 49, c - 7 = -r. Suppose -2*w - 54 = -3*g - r, 0 = -5*g + 3*w + 72. What is the remainder when (2 + -13)/(1/(-2)) is divided by g?
10
Let r = 857 + -641. What is the remainder when r is divided by 10?
6
Suppose -4*k = -3*k - 3*g - 56, 4*g = -k + 21. Suppose -3*t = -4*f + 71, 3*f = -0*t + 4*t + 62. What is the remainder when k is divided by f?
13
Suppose 3*t = 2*y - 12, t = -y - 4*t + 6. Calculate the remainder when 37 is divided by y.
1
Let n = 248 - 233. Calculate the remainder when 42 is divided by n.
12
Let i be 46/6*((1 - 6) + 11). Let p = -34 + i. What is the remainder when p is divided by 5?
2
Let y = 51 + 8. Suppose -2*p + 147 + y = 0. Calculate the remainder when p is divided by 21.
19
Let b(r) = 2*r**2 + 2*r + 3. Let w be -2*(-1)/4*-4. What is the remainder when 20 is divided by b(w)?
6
Let b = 815 + -727. What is the remainder when b is divided by 24?
16
Let p = -20 - -34. Let a be ((-2)/8)/(p/56). What is the remainder when ((-18)/(-30))/(a/(-5)) is divided by 2?
1
Let n(u) = -u**3 + 14*u**2 - u + 19. Let w be n(14). Suppose 0 = -w*c + 3*t - 6*t + 114, 4*t = -2*c + 40. What is the remainder when c is divided by 14?
10
Suppose -113 = 3*x - 4*a - 684, -a + 967 = 5*x. Calculate the remainder when x is divided by 49.
46
Let h = 122 + -74. Let x be h/9*18/(-3). Let a = -9 - x. Calculate the remainder when 89 is divided by a.
20
Let d = -5 + 3. Suppose -3*u = -546 + 165. Calculate the remainder when u is divided by (-1 - d)*1 + 25.
23
Calculate the remainder when 29 is divided by (5/(30/(-4)))/((-2)/72).
5
Let p(b) = b**2 + 3*b - 8. Calculate the remainder when p(5) is divided by 18.
14
Let a(g) = 8*g - 10. Suppose -8*w - w + 801 = 0. Calculate the remainder when w is divided by a(5).
29
Suppose 70 = -29*s + 34*s. Let d = -2 + s. Calculate the remainder when 45 is divided by d.
9
Let q(b) = -b**2 - b + 4. Let i = -2 + 6. Suppose n = -i*n. Calculate the remainder when 13 is divided by q(n).
1
Let p = -6 - -8. Suppose 4*b + 2*t = -2*t + 32, -3*t = -3*b + 12. Let o(v) = -v + 8. Calculate the remainder when p is divided by o(b).
0
Let l be ((-3)/(-4))/((-2)/(-8)). Suppose m + 208 = 3*n, 3*n + 4*m - l*m = 212. What is the remainder when n is divided by -6 + 12 + (-24)/(-2)?
16
Suppose 3*b - 9 - 6 = 0. Suppose -3*m - 990 = -5*l, b*l = -0*l + 2*m + 985. Suppose 3*z = -2*z + l. What is the remainder when z is divided by 10?
9
Let j(w) = w**3 - 26*w**2 - 56*w + 11. Suppose 0 = 2*l + 4, z - 3*l = -3*z + 78. Calculate the remainder when z is divided by j(28).
7
Suppose 65*j - 1737 - 3463 = 0. What is the remainder when j is divided by 45?
35
Suppose -3*w - q = -2, -q = 4*w - 4*q - 7. What is the remainder when 38/4*(w - -1) is divided by 7?
5
Let s be 2 + 36/5*(-20)/(-6). Let w = -10 + s. What is the remainder when w is divided by 3?
1
Calculate the remainder when 109 is divided by ((-400)/15)/((-20)/(-6) - 4).
29
Let u = -155 + 273. Suppose -7*k + u = 13. Suppose -26 = -5*g + 194. Calculate the remainder when g is divided by k.
14
Suppose 22 = 3*a + 2*y + 3, 2*a - 14 = -y. Calculate the remainder when 63 is divided by (68/(-6))/((-6)/a).
12
Let g = -203 + 242. Suppose 70 = -0*j + j + 4*b, 2*j - b - 149 = 0. What is the remainder when j is divided by g?
35
Let q(d) = -d**3 + d**2 + d + 2. Let i be q(-2). Let t = 54 - 49. Suppose 78 = t*f - i. What is the remainder when f is divided by 7?
4
Let a(t) = t**3 - 6*t**2. Let y be a(6). Suppose -40 = -2*b + 4*k, -3*k - k - 4 = y. What is the remainder when ((-66)/(-10))/((-1)/(-5)) is divided by b?
15
Suppose 2*n - 160 = 3*h, -2*n + 235 = n - 2*h. What is the remainder when n is divided by 13?
12
Suppose -4*y = -12*y + 336. Let z = y - 24. What is the remainder when 34 is divided by z?
16
Let l(o) = -o**3 + 7*o**2 - 5*o - 1. Let n(f) = -f**2 + 6*f - 1. Let a be n(5). Let q = 33 + -18. What is the remainder when l(a) is divided by q?
12
Calculate the remainder when 100 is divided by 10/4*(174/15 - 4).
5
Suppose 3*p - 5*g = -131, -5*p - 198 = -p - 2*g. What is the remainder when ((-15)/(-10))/((-2)/p) is divided by 14?
11
What is the remainder when (-1 - -69)/(5 - -1 - 5) is divided by 17?
0
Let d(n) = -n**3 - 8*n - 6. Calculate the remainder when 196 is divided by d(-3).
16
Let j(t) = -t + 1. What is the remainder when j(-6) is divided by 3?
1
Suppose 0 = -o + v - 0 + 17, -3*v = 2*o - 59. Let k(w) = -w**3 - 15 - 3*w**3 - 8 - 9*w**2 + 12*w + 3*w**3. What is the remainder when k(-11) is divided by o?
21
Let i(r) = 2*r - 10. Suppose 15 = -j + 17. Calculate the remainder when (3/j)/((-75)/(-1750)) is divided by i(11).
11
Let j(u) = -7*u + 2. Let t = -413 + 475. What is the remainder when t is divided by j(-2)?
14
Let t(o) = -o**3 + 8*o**2 - 7*o - 6. Suppose -25 = -5*r + 4*b, 17*r = 19*r + 2*b - 28. Calculate the remainder when t(6) is divided by r.
6
Let j = -55 - -58. Suppose 1 = y - j. What is the remainder when 14 is divided by y?
2
Suppose 5*c = 3*m + 76, 3*c + 5*m = 20 + 46. Suppose -2*g = -4*f - 4, -4*f = -5*g + 17 + c. Calculate the remainder when 58 is divided by g.
8
What is the remainder when (47 - 40 - (77 + -1))*-3 is divided by 70?
67
Suppose 2*q = q + 15. Let m = 8143 - 8096. What is the remainder when m is divided by q?
2
Let u(v) = -v**2 + 10*v - 6. Let s be u(9). Let f(t) = -t + 7. Let h be f(s). Suppose -h*w = -8 - 16. Calculate the remainder when 21 is divided by w.
3
Suppose -x - g + 6*g - 18 = 0, 2*x + 2*g = 12. Suppose 0 = -z - x*z - 24. What is the remainder when 356/(-10)*20/z is divided by 13?
11
Suppose -6*f + 130 = -f. What is the remainder when (3 - 1)/2*(79 - -22) is divided by f?
23
What is the remainder when (-2 + (-66)/18)*-1*6 is divided by 5?
4
Suppose 2*y - 2*c - 14 = y, 3*c - 122 = -5*y. Let t(n) = n**3 - 2*n**2 + 5*n - 4. Let a = -8 - -10. Calculate the remainder when y is divided by t(a).
4
Let s(q) = q**3 + 2*q**2 + q + 176. Let d be s(0). Suppose 11*t = 7*t + d. Let l = 19 - 7. Calculate the remainder when t is divided by l.
8
Let z(g) = -g**2 + 18*g + 16. Let d be z(19). What is the remainder when 88 is divided by ((-12)/(-8))/(d/(-90))?
43
Let q(j) = -9*j + 54. Let w be q(6). Suppose -2*y + 2*a - 1194 = -7*y, w = 2*y - 4*a - 468. What is the remainder when y is divided by 48?
46
What is the remainder when (-1 - 0)*(7 - 102) is divided by (-40)/6*((-8)/20 + -2)?
15
Let c be (3 - 3/(-6))*-10. Let m = -26 - c. Calculate the remainder when 26 is divided by m.
8
Suppose 115 = y + 5*c, -17 = -5*y - 5*c + 478. What is the remainder when y is divided by 16?
15
Let k(j) = 5*j**3 - 4*j**2 + 4*j - 2. Let y = 218 + -130. Calculate the remainder when y is divided by k(2).
28
What is the remainder when (-6 + -2 - -526) + -9 is divided by 34?
33
Let f(v) = 2*v**2 + 3*v - 4. Let n(c) = -2*c**3 + 2*c**2 + 5*c - 5. Let g be n(2). What is the remainder when 13 is divided by f(g)?
3
Suppose 0 = 4*k - 16, -1 = -t + k + 21. Calculate the remainder when t is divided by 18/15*30/4.
8
Let u = 16 + 0. Let x(c) = c**3 + 38*c**2 + 3*c + 120. Calculate the remainder when u is divided by x(-38).
4
Let o = 720 + -567. Calculate the remainder when o is divided by 52.
49
Suppose 12*m - 73 = 95. Calculate the remainder when 67 is divided by m.
11
Let i be 0 + (1